3
Calculate the highest common factor of 31011645 and 308.
7
Calculate the greatest common factor of 7716 and 231984112.
2572
Calculate the greatest common divisor of 655 and 1037835.
5
What is the greatest common divisor of 2530769150 and 350?
350
Calculate the greatest common factor of 196 and 16137856.
196
Calculate the highest common divisor of 171022306 and 266.
266
What is the highest common divisor of 919 and 95246079?
919
Calculate the greatest common divisor of 7678897 and 1849.
1849
Calculate the highest common factor of 510570 and 466406.
122
Calculate the highest common factor of 45 and 41749695.
45
What is the highest common factor of 4965992 and 13357?
703
What is the greatest common factor of 23120 and 20590400?
1360
Calculate the greatest common factor of 81972990 and 465.
465
What is the highest common factor of 525617 and 1171843?
1489
Calculate the greatest common divisor of 8556854 and 47272.
622
What is the highest common factor of 2600 and 8045575?
25
Calculate the highest common divisor of 1157 and 814047.
13
Calculate the highest common divisor of 190432 and 401963.
541
Calculate the greatest common factor of 6924965 and 165.
5
What is the greatest common factor of 5416 and 128726811?
677
Calculate the greatest common factor of 254 and 15515971.
127
What is the highest common divisor of 2781 and 415908?
27
Calculate the greatest common factor of 37882041 and 9.
3
Calculate the highest common factor of 4117 and 680432.
23
Calculate the highest common divisor of 1367721272 and 2962.
2962
Calculate the highest common divisor of 2735 and 21816001.
547
What is the highest common divisor of 1401135 and 2295?
15
Calculate the highest common factor of 10124792 and 9592.
872
Calculate the highest common factor of 510 and 406147.
17
Calculate the greatest common factor of 1859393 and 91879.
661
What is the highest common factor of 4484 and 38820?
4
What is the greatest common factor of 27846609 and 189?
21
What is the greatest common factor of 56857066 and 5176?
1294
Calculate the highest common divisor of 229080 and 2530.
230
Calculate the greatest common factor of 44 and 7070701.
11
What is the greatest common factor of 9796397 and 299?
13
Calculate the greatest common factor of 516564 and 42425210.
9566
What is the highest common divisor of 33444904 and 8?
8
What is the highest common factor of 84 and 10411233?
21
What is the greatest common factor of 30723 and 2843274?
2793
Calculate the greatest common factor of 67401 and 87903.
9
What is the greatest common factor of 124762 and 489632?
2354
Calculate the greatest common factor of 34817296 and 370.
74
What is the greatest common factor of 1737194 and 81524?
458
What is the greatest common factor of 7300 and 2308844?
292
Calculate the greatest common divisor of 911220 and 2100.
60
What is the greatest common divisor of 23328 and 1518507?
729
Calculate the greatest common divisor of 28913 and 2363887.
997
Calculate the highest common divisor of 18005529 and 355.
71
Calculate the highest common divisor of 1387280704 and 64.
64
Calculate the greatest common divisor of 4294 and 27005213.
19
Calculate the greatest common divisor of 472 and 17649614.
118
Calculate the highest common divisor of 63800574 and 12696.
3174
What is the highest common factor of 5712 and 1093752800?
1904
What is the greatest common divisor of 58 and 50240818?
58
Calculate the greatest common factor of 426438 and 66144.
318
Calculate the greatest common divisor of 7595 and 8626555.
35
What is the highest common divisor of 9726 and 8789062?
3242
Calculate the greatest common factor of 2670016 and 1728.
64
Calculate the greatest common factor of 2535 and 3615555.
15
Calculate the greatest common divisor of 173555 and 2326770.
515
Calculate the greatest common factor of 58176 and 2518536.
2424
Calculate the highest common divisor of 11847962 and 1204.
602
What is the highest common factor of 8840 and 4985080?
680
What is the greatest common divisor of 3832 and 12206357?
479
What is the greatest common divisor of 24 and 106870672?
8
Calculate the greatest common divisor of 20793415 and 710.
355
What is the greatest common factor of 43767 and 5702678?
1621
Calculate the highest common factor of 43 and 19632080.
43
What is the greatest common factor of 96696 and 6899544?
5688
Calculate the highest common divisor of 43266 and 148827829.
7211
Calculate the highest common factor of 4167 and 765809871.
1389
What is the greatest common divisor of 127521 and 15193891?
4723
What is the highest common divisor of 671984 and 1024?
16
Calculate the highest common divisor of 8294150 and 575.
25
What is the highest common divisor of 1222 and 4398730?
94
What is the highest common divisor of 15223 and 143?
13
Calculate the highest common divisor of 3462372 and 90.
18
What is the highest common factor of 1739325 and 11550?
525
Calculate the highest common divisor of 1781300 and 3290.
470
What is the greatest common divisor of 351 and 130393757?
13
What is the highest common factor of 110492 and 193660?
92
What is the greatest common factor of 705488599 and 818?
409
What is the greatest common divisor of 47214882 and 663?
663
Calculate the highest common factor of 2306 and 417234.
2
Calculate the greatest common divisor of 227 and 24811781.
227
What is the highest common factor of 67108 and 686974?
1766
What is the highest common divisor of 327360 and 15312?
528
Calculate the greatest common divisor of 420 and 87861000.
60
What is the greatest common divisor of 104384 and 2562068?
932
What is the greatest common factor of 107004 and 2001264?
2892
What is the greatest common divisor of 3283148 and 181412?
1364
Calculate the highest common factor of 195204 and 9972.
12
Calculate the highest common factor of 255 and 14765940.
15
What is the greatest common divisor of 7583473 and 842?
421
Calculate the highest common divisor of 2310 and 574530.
330
Calculate the highest common factor of 366 and 106302.
6
Calculate the highest common factor of 12535 and 608765.
545
Calculate the highest common factor of 10574867 and 1275.
17
Calculate the greatest common factor of 16310 and 6680870.
70
What is the highest common divisor of 108783 and 30878256?
4029
What is the highest common factor of 3049048 and 7710?
514
What is the highest common factor of 66439 and 63990?
79
What is the highest common factor of 9230105 and 285?
95
What is the highest common factor of 2336 and 4798874?
146
Calculate the greatest common factor of 10269 and 3075849.
63
What is the greatest common divisor of 76059 and 32211?
27
Calculate the highest common divisor of 2643835 and 16740.
155
Calculate the greatest common divisor of 457819921 and 1261.
1261
What is the greatest common factor of 994177 and 476?
17
What is the greatest common divisor of 1232420 and 60?
20
Calculate the highest common divisor of 71675 and 3099415.
235
What is the highest common factor of 6 and 707086?
2
What is the highest common factor of 53803 and 2570261?
173
Calculate the greatest common divisor of 941895793 and 10396.
2599
What is the highest common factor of 17571338 and 3002?
158
Calculate the highest common divisor of 1872163 and 18167.
37
Calculate the greatest common factor of 505638 and 1463.
7
Calculate the highest common factor of 222617 and 118054763.
9679
Calculate the greatest common factor of 957 and 2508099.
33
What is the greatest common divisor of 1059372 and 36396?
108
What is the highest common divisor of 16 and 3933016?
8
Calculate the highest common divisor of 475 and 62227850.
475
What is the greatest common factor of 1144 and 7562984?
1144
Calculate the highest common divisor of 253105 and 2875.
5
Calculate the highest common factor of 178171864 and 65.
13
What is the greatest common factor of 879907 and 56?
7
Calculate the greatest common factor of 42317769 and 9.
3
Calculate the greatest common divisor of 147673386 and 23184.
2898
What is the greatest common divisor of 1421041735 and 1905?
635
What is the greatest common divisor of 704 and 22694848?
704
What is the highest common factor of 15975 and 7033275?
225
Calculate the greatest common divisor of 6062670 and 9963.
369
What is the greatest common divisor of 75750 and 26655?
15
Calculate the highest com